{"id":30,"date":"2021-07-19T13:48:18","date_gmt":"2021-07-19T11:48:18","guid":{"rendered":"https:\/\/wfs.heinx1.de\/?page_id=30"},"modified":"2025-06-20T09:12:11","modified_gmt":"2025-06-20T07:12:11","slug":"mitglied-werden","status":"publish","type":"page","link":"https:\/\/www.foerderverein-wfs.de\/index.php\/verein\/mitglied-werden\/","title":{"rendered":"Mitglied werden"},"content":{"rendered":"\r\n<h1 class=\"wp-block-heading\">Mitmachen geht leicht!<\/h1>\r\n\r\n\r\n\r\n<p><strong>Sie m\u00f6chten uns finanziell unterst\u00fctzen? Hierzu haben Sie zwei M\u00f6glichkeiten:<\/strong><\/p>\r\n\r\n\r\n\r\n<p>Werden Sie dauerhaftes Mitglied im F\u00f6rderverein der Weibelfeldschule e.V.! Bereits mit\u00a0einen Mindest-Mitgliedsbeitrag von 30,&#8211; EUR j\u00e4hrlich unterst\u00fctzen Sie uns bei unseren aktuellen und zuk\u00fcnftigen Projekten.<\/p>\r\n\r\n\r\n\r\n<p><strong>Das entspricht\u00a010 Cent pro Schultag.<\/strong><\/p>\r\n\r\n\r\n\r\n<p>Laden Sie einfach unsere Beitrittserkl\u00e4rung herunter und senden uns diese an nebenstehende Adresse.<\/p>\r\n\r\n\r\n\r\n<p>Wir freuen uns aber auch jederzeit \u00fcber\u00a0Spenden, auch projektbezogene.<br \/>Bankverbindung:\u00a0\u00a0\u00a0\u00a0\u00a0Sparkasse Langen-Seligenstadt,<br \/>IBAN:\u00a0 \u00a0 \u00a0 \u00a0 \u00a0 \u00a0 \u00a0  \u00a0 \u00a0 \u00a0 \u00a0 DE 29 5065 2124 0039 1194 09<br \/>BIC:\u00a0 \u00a0 \u00a0 \u00a0 \u00a0 \u00a0 \u00a0 \u00a0 \u00a0 \u00a0 \u00a0 \u00a0\u00a0HELADEF1SLS<\/p>\r\n\r\n\r\n\r\n\r\n\r\n\r\n\r\n\r\n\r\n<p>Verwendungszweck: Spende (evtl. Projekt)<\/p>\r\n\r\n\r\n\r\n<p><strong>Spenden und Beitr\u00e4ge sind steuerlich absetzbar<\/strong>, f\u00fcr Mitgliedsbeitr\u00e4ge und Spendenbetr\u00e4ge bis \u20ac 300,- erkennt das Finanzamt Ihren Kontoauszug als Spendennachweis an. Bei Betr\u00e4gen \u00fcber \u20ac 300,- stellen wir Ihnen gerne eine Spendenquittung aus.<\/p>\r\n\r\n\r\n\r\n\r\n\r\n<p><a href=\"https:\/\/www.foerderverein-wfs.de\/wp-content\/uploads\/2025\/06\/2025-06_Beitrittserklaerung_FV_WFS.pdf\"target=\"_blank\" rel=\"noopener\"><img class=\"size-full wp-image-194 aligncenter\" src=\r\n\r\n\"https:\/\/www.foerderverein-wfs.de\/wp-content\/uploads\/2022\/05\/Mitgliedsantrag.jpg\" \r\n\r\nalt=\"\" width=\"1090\" height=\"130\" \/><\/a><\/p>\r\n<p>&nbsp;<\/p>\r\n\r\n\r\n\r\n<figure class=\"wp-block-image\"><a href=\"https:\/\/www.foerderverein-wfs.de\/wp-content\/uploads\/2021\/07\/Flyer-Foerderverein-WFS-2015.pdf\" target=\"_blank\" rel=\"noopener\"><img loading=\"lazy\" decoding=\"async\" class=\"size-full wp-image-199 aligncenter\" src=\"https:\/\/www.foerderverein-wfs.de\/wp-content\/uploads\/2022\/05\/Flyer.jpg\" alt=\"\" width=\"1090\" height=\"130\" srcset=\"https:\/\/www.foerderverein-wfs.de\/wp-content\/uploads\/2022\/05\/Flyer.jpg 1090w, https:\/\/www.foerderverein-wfs.de\/wp-content\/uploads\/2022\/05\/Flyer-300x36.jpg 300w, https:\/\/www.foerderverein-wfs.de\/wp-content\/uploads\/2022\/05\/Flyer-1024x122.jpg 1024w, https:\/\/www.foerderverein-wfs.de\/wp-content\/uploads\/2022\/05\/Flyer-768x92.jpg 768w, https:\/\/www.foerderverein-wfs.de\/wp-content\/uploads\/2022\/05\/Flyer-150x18.jpg 150w\" sizes=\"auto, (max-width: 1090px) 100vw, 1090px\" \/><\/a><\/figure>\r\n\r\n\r\n\r\n<p>&nbsp;<\/p>\r\n","protected":false},"excerpt":{"rendered":"<p>Mitmachen geht leicht! Sie m\u00f6chten uns finanziell unterst\u00fctzen? Hierzu haben Sie zwei M\u00f6glichkeiten: Werden Sie dauerhaftes Mitglied im&#8230; <a class=\"continue-reading-link\" href=\"https:\/\/www.foerderverein-wfs.de\/index.php\/verein\/mitglied-werden\/\">Weiterlesen&#8230;<\/a><\/p>\n","protected":false},"author":1,"featured_media":0,"parent":13,"menu_order":0,"comment_status":"closed","ping_status":"closed","template":"","meta":{"footnotes":""},"class_list":["post-30","page","type-page","status-publish","hentry"],"_links":{"self":[{"href":"https:\/\/www.foerderverein-wfs.de\/index.php\/wp-json\/wp\/v2\/pages\/30","targetHints":{"allow":["GET"]}}],"collection":[{"href":"https:\/\/www.foerderverein-wfs.de\/index.php\/wp-json\/wp\/v2\/pages"}],"about":[{"href":"https:\/\/www.foerderverein-wfs.de\/index.php\/wp-json\/wp\/v2\/types\/page"}],"author":[{"embeddable":true,"href":"https:\/\/www.foerderverein-wfs.de\/index.php\/wp-json\/wp\/v2\/users\/1"}],"replies":[{"embeddable":true,"href":"https:\/\/www.foerderverein-wfs.de\/index.php\/wp-json\/wp\/v2\/comments?post=30"}],"version-history":[{"count":8,"href":"https:\/\/www.foerderverein-wfs.de\/index.php\/wp-json\/wp\/v2\/pages\/30\/revisions"}],"predecessor-version":[{"id":419,"href":"https:\/\/www.foerderverein-wfs.de\/index.php\/wp-json\/wp\/v2\/pages\/30\/revisions\/419"}],"up":[{"embeddable":true,"href":"https:\/\/www.foerderverein-wfs.de\/index.php\/wp-json\/wp\/v2\/pages\/13"}],"wp:attachment":[{"href":"https:\/\/www.foerderverein-wfs.de\/index.php\/wp-json\/wp\/v2\/media?parent=30"}],"curies":[{"name":"wp","href":"https:\/\/api.w.org\/{rel}","templated":true}]}}